{"id":792,"date":"2021-05-03T21:34:58","date_gmt":"2021-05-03T19:34:58","guid":{"rendered":"http:\/\/new.selbstgeheilt.com\/?page_id=792"},"modified":"2022-04-26T08:02:56","modified_gmt":"2022-04-26T06:02:56","slug":"allgemeine-geschaeftsbedingungen","status":"publish","type":"page","link":"https:\/\/selbstgeheilt.com\/index.php\/allgemeine-geschaeftsbedingungen\/","title":{"rendered":"Allgemeine Gesch\u00e4ftsbedingungen"},"content":{"rendered":"<p>[et_pb_section fb_built=&#8221;1&#8243; custom_padding_last_edited=&#8221;on|desktop&#8221; _builder_version=&#8221;4.9.0&#8243; background_color=&#8221;#0b2300&#8243; background_image=&#8221;https:\/\/selbstgeheilt.com\/wp-content\/uploads\/2021\/04\/Header-breit_mitLogo2.jpg&#8221; transform_scale=&#8221;101%|101%&#8221; transform_scale_tablet=&#8221;&#8221; transform_scale_phone=&#8221;127%|127%&#8221; transform_scale_last_edited=&#8221;on|desktop&#8221; transform_translate=&#8221;0px|-2px&#8221; transform_translate_tablet=&#8221;&#8221; transform_translate_phone=&#8221;0px|12px&#8221; transform_translate_last_edited=&#8221;on|tablet&#8221; transform_translate_linked=&#8221;off&#8221; transform_rotate_tablet=&#8221;&#8221; transform_rotate_phone=&#8221;&#8221; transform_rotate_last_edited=&#8221;on|desktop&#8221; transform_skew_tablet=&#8221;&#8221; transform_skew_phone=&#8221;&#8221; transform_skew_last_edited=&#8221;on|desktop&#8221; transform_origin_tablet=&#8221;&#8221; transform_origin_phone=&#8221;&#8221; transform_origin_last_edited=&#8221;on|desktop&#8221; transform_styles_last_edited=&#8221;on|tablet&#8221; width_tablet=&#8221;100%&#8221; width_phone=&#8221;&#8221; width_last_edited=&#8221;on|tablet&#8221; max_width_tablet=&#8221;&#8221; max_width_phone=&#8221;100%&#8221; max_width_last_edited=&#8221;on|phone&#8221; min_height=&#8221;255px&#8221; min_height_tablet=&#8221;&#8221; min_height_phone=&#8221;&#8221; min_height_last_edited=&#8221;on|tablet&#8221; height=&#8221;100px&#8221; height_phone=&#8221;270px&#8221; height_last_edited=&#8221;off|desktop&#8221; custom_margin=&#8221;0px||||false|false&#8221; custom_margin_tablet=&#8221;&#8221; custom_margin_phone=&#8221;&#8221; custom_margin_last_edited=&#8221;on|tablet&#8221; custom_padding=&#8221;||45px|||&#8221; custom_padding_tablet=&#8221;||0px||false|false&#8221; custom_padding_phone=&#8221;&#8221; top_divider_color=&#8221;#7cda24&#8243; background_last_edited=&#8221;on|tablet&#8221; background_size_tablet=&#8221;cover&#8221; background_size_phone=&#8221;contain&#8221; background_position_tablet=&#8221;center&#8221; background_position_phone=&#8221;top_center&#8221; transform_styles_tablet=&#8221;&#8221; transform_styles_phone=&#8221;&#8221; module_alignment_tablet=&#8221;&#8221; module_alignment_phone=&#8221;&#8221; module_alignment_last_edited=&#8221;on|phone&#8221; border_style_all=&#8221;dotted&#8221; border_width_top=&#8221;3px&#8221; border_color_top=&#8221;#c16000&#8243; border_style_top=&#8221;solid&#8221; border_width_bottom=&#8221;3px&#8221; border_color_bottom=&#8221;#c16000&#8243; border_style_bottom=&#8221;ridge&#8221; custom_margin__hover_enabled=&#8221;on|desktop&#8221; da_is_popup=&#8221;off&#8221; da_exit_intent=&#8221;off&#8221; da_has_close=&#8221;on&#8221; da_alt_close=&#8221;off&#8221; da_dark_close=&#8221;off&#8221; da_not_modal=&#8221;on&#8221; da_is_singular=&#8221;off&#8221; da_with_loader=&#8221;off&#8221; da_has_shadow=&#8221;on&#8221; da_disable_devices=&#8221;off|off|off&#8221;][\/et_pb_section][et_pb_section fb_built=&#8221;1&#8243; _builder_version=&#8221;4.9.0&#8243; _module_preset=&#8221;default&#8221; hover_enabled=&#8221;0&#8243; sticky_enabled=&#8221;0&#8243; da_is_popup=&#8221;off&#8221; da_exit_intent=&#8221;off&#8221; da_has_close=&#8221;on&#8221; da_alt_close=&#8221;off&#8221; da_dark_close=&#8221;off&#8221; da_not_modal=&#8221;on&#8221; da_is_singular=&#8221;off&#8221; da_with_loader=&#8221;off&#8221; da_has_shadow=&#8221;on&#8221; da_disable_devices=&#8221;off|off|off&#8221;][et_pb_row _builder_version=&#8221;4.9.0&#8243; _module_preset=&#8221;default&#8221; custom_margin=&#8221;-71px||||false|false&#8221; custom_margin_tablet=&#8221;-75px||||false|false&#8221; custom_margin_phone=&#8221;-61px||||false|false&#8221; custom_margin_last_edited=&#8221;on|phone&#8221;][et_pb_column type=&#8221;4_4&#8243; _builder_version=&#8221;4.9.0&#8243; _module_preset=&#8221;default&#8221;][et_pb_text _builder_version=&#8221;4.9.0&#8243; _module_preset=&#8221;default&#8221; header_font=&#8221;|600||on|||||&#8221; header_text_color=&#8221;#16551C&#8221; header_font_size=&#8221;27px&#8221; header_font_size_tablet=&#8221;16px&#8221; header_font_size_phone=&#8221;12px&#8221; header_font_size_last_edited=&#8221;on|phone&#8221;]<\/p>\n<h1 style=\"text-align: center;\">Allgemeine Gesch\u00e4ftsbedingungen<\/h1>\n<p>[\/et_pb_text][\/et_pb_column][\/et_pb_row][et_pb_row column_structure=&#8221;1_5,3_5,1_5&#8243; _builder_version=&#8221;4.9.0&#8243; _module_preset=&#8221;default&#8221;][et_pb_column type=&#8221;1_5&#8243; _builder_version=&#8221;4.9.0&#8243; _module_preset=&#8221;default&#8221;][\/et_pb_column][et_pb_column type=&#8221;3_5&#8243; _builder_version=&#8221;4.9.0&#8243; _module_preset=&#8221;default&#8221;][et_pb_text _builder_version=&#8221;4.9.0&#8243; _module_preset=&#8221;default&#8221; header_2_text_color=&#8221;#16551C&#8221; header_2_font_size=&#8221;20px&#8221; header_4_text_color=&#8221;#16551C&#8221; header_4_font_size=&#8221;12px&#8221; header_5_text_color=&#8221;#16551C&#8221; header_5_font_size=&#8221;11px&#8221; header_5_line_height=&#8221;1.3em&#8221; header_6_font_size=&#8221;10px&#8221; background_color=&#8221;#FCFFFC&#8221; custom_padding=&#8221;20px|20px|20px|20px|true|true&#8221; custom_padding_tablet=&#8221;&#8221; custom_padding_phone=&#8221;&#8221; custom_padding_last_edited=&#8221;on|desktop&#8221; hover_enabled=&#8221;0&#8243; header_2_font_size_tablet=&#8221;&#8221; header_2_font_size_phone=&#8221;15px&#8221; header_2_font_size_last_edited=&#8221;on|desktop&#8221; header_4_font_size_tablet=&#8221;&#8221; header_4_font_size_phone=&#8221;&#8221; header_4_font_size_last_edited=&#8221;on|desktop&#8221; header_4_line_height_tablet=&#8221;&#8221; header_4_line_height_phone=&#8221;&#8221; header_4_line_height_last_edited=&#8221;on|desktop&#8221; header_5_font_tablet=&#8221;&#8221; header_5_font_phone=&#8221;&#8221; header_5_font_last_edited=&#8221;on|desktop&#8221; header_5_font_size_tablet=&#8221;&#8221; header_5_font_size_phone=&#8221;11px&#8221; header_5_font_size_last_edited=&#8221;on|desktop&#8221; header_5_letter_spacing_tablet=&#8221;&#8221; header_5_letter_spacing_phone=&#8221;&#8221; header_5_letter_spacing_last_edited=&#8221;on|desktop&#8221; header_5_line_height_tablet=&#8221;&#8221; header_5_line_height_phone=&#8221;&#8221; header_5_line_height_last_edited=&#8221;on|desktop&#8221; border_color_all=&#8221;#16551C&#8221; box_shadow_style=&#8221;preset2&#8243; box_shadow_horizontal=&#8221;0px&#8221; box_shadow_horizontal__hover=&#8221;6px&#8221; box_shadow_horizontal__hover_enabled=&#8221;on|hover&#8221; box_shadow_vertical=&#8221;0px&#8221; box_shadow_vertical__hover=&#8221;6px&#8221; box_shadow_vertical__hover_enabled=&#8221;on|hover&#8221; box_shadow_blur=&#8221;0px&#8221; box_shadow_blur__hover=&#8221;6px&#8221; box_shadow_blur__hover_enabled=&#8221;on|desktop&#8221; box_shadow_spread__hover=&#8221;3px&#8221; box_shadow_spread__hover_enabled=&#8221;on|hover&#8221; box_shadow_color__hover=&#8221;rgba(0,0,0,0.29)&#8221; box_shadow_color__hover_enabled=&#8221;on|hover&#8221; background__hover_enabled=&#8221;on|desktop&#8221; sticky_enabled=&#8221;0&#8243;]<\/p>\n<p><span style=\"text-decoration: underline;\"><span style=\"color: #16551c;\"><strong>Allgemeine Gesch\u00e4ftsbedingungen<\/strong><\/span><\/span> der Firma Expanding Light LLC<\/p>\n<p><strong>\u00a71 Geltung gegen\u00fcber Unternehmern und Begriffsdefinitionen<\/strong><\/p>\n<p>(1) Die nachfolgenden Allgemeinen Gesch\u00e4ftbedingungen gelten f\u00fcr alle Lieferungen zwischen uns und einem Verbraucher in ihrer zum Zeitpunkt der Bestellung g\u00fcltigen Fassung.<\/p>\n<p>Verbraucher ist jede nat\u00fcrliche Person, die ein Rechtsgesch\u00e4ft zu Zwecken abschlie\u00dft, die \u00fcberwiegend weder ihrer gewerblichen noch ihrer selbst\u00e4ndigen beruflichen T\u00e4tigkeit zugerechnet werden k\u00f6nnen (\u00a7 13 BGB).<\/p>\n<p><strong>\u00a72 Zustandekommen eines Vertrages, Speicherung des Vertragstextes<\/strong><\/p>\n<p>(1) Die folgenden Regelungen \u00fcber den Vertragsabschluss gelten f\u00fcr Bestellungen \u00fcber unsere Webseite https:\/\/SelbstGeheilt.com .<\/p>\n<p>Die Firma Expanding Light LLC stellt die Plattform f\u00fcr dieses Angebot bereit und ist auch der Vertragspartner des Kunden. Zahlungsempf\u00e4nger ist der Regisseur des Films \u201cSelbst Geheilt\u201d: Stephan Petrowitsch, Bahnhofstr. 20 a, 86897 Buchloe, Deutschland, Stephan.Petrowitsch@gmx.de, USt-IdNr.: DE160635558<\/p>\n<p><strong>(2) Im Falle des Vertragsschlusses kommt der Vertrag mit<\/strong><\/p>\n<p><strong>Expanding Light LLC<br \/> Registered Agents Inc.<br \/> 30 N Gould St Ste R<br \/> 82801 WY Sheridan<\/strong><\/p>\n<p><strong>zustande.<br \/> <\/strong><br \/> (3) Die Pr\u00e4sentation der Streaming-Angebote auf unserer Webseite stellen kein rechtlich bindendes Vertragsangebot unsererseits dar, sondern sind nur ein unverbindliches Angebot an den Verbraucher, die Angebote zu bestellen. Mit der Bestellung des gew\u00fcnschten Angebotes gibt der Verbraucher ein f\u00fcr ihn verbindliches Angebot auf Abschluss eines Kaufvertrages ab.<\/p>\n<p>(4) Bei Eingang einer Bestellung auf unserer Webseite gelten folgende Regelungen: Der Verbraucher gibt ein bindendes Vertragsangebot ab, indem er die auf unserer Webseite vorgesehene Bestellprozedur erfolgreich durchl\u00e4uft.<\/p>\n<p>Die Bestellung erfolgt in folgenden Schritten:<\/p>\n<p>1) Auswahl des Streaming-Angebotes zum Film Selbst Geheilt: Nur den Film selbst, nur das Bonusmaterial oder Film plus Bonusmaterial<br \/> 2) Verbindliche Absendung der Bestellung durch Anklicken des Paypal-Buttons und Bezahlung innerhalb Ihres Paypal-Accounts<\/p>\n<p>Der Verbraucher kann vor dem verbindlichen Absenden der Bestellung durch Nichtzahlung wieder zu der Internetseite gelangen bzw. durch Schlie\u00dfen des Internetbrowsers den Bestellvorgang abbrechen. Wir best\u00e4tigen den Eingang der Bestellung unmittelbar durch eine automatisch generierte E-Mail (\u201eAuftragsbest\u00e4tigung\u201c). Mit dieser nehmen wir Ihr Angebot an.<\/p>\n<p>(5) Speicherung des Vertragstextes bei Bestellungen \u00fcber unsere Webseite: Wir speichern den Vertragstext und senden Ihnen die Bestelldaten und unsere AGB per E-Mail zu. Die AGB k\u00f6nnen Sie jederzeit auch unter https:\/\/SelbstGeheilt.com\/agb einsehen. Ihre vergangenen Bestellungen k\u00f6nnen Sie in unserem Kunden-Bereich unter Mein Konto \u2013&gt; Meine Bestellungen einsehen.<\/p>\n<p><strong>\u00a73 Preise, Versandkosten, Zahlung, F\u00e4lligkeit<\/strong><\/p>\n<p>(1) Die angegebenen Preise enthalten die gesetzliche Umsatzsteuer und sonstige Preisbestandteile. Hinzu kommen etwaige Versandkosten.<\/p>\n<p>(2) Der Verbraucher hat die M\u00f6glichkeit der Zahlung per PayPal .<\/p>\n<p>(3) Im Falle, dass der Kunde die Anmeldung zum Zugriff auf die gekaufte Streaming-M\u00f6glichkeit verpasst, erh\u00e4lt er zus\u00e4tzlich eine eMail mit Angaben, um diesen Zugang f\u00fcr sich anzulegen.<\/p>\n<p>(4) Sollte der Kunde nicht auf den Inhalt zugreifen k\u00f6nnen, ist er verpflichtet,<span>\u00a0<\/span><strong>Expanding Light LLC<\/strong><span>\u00a0<\/span>eine angemessene Frist von mindestens 10 Tagen zu geben, um evtl. technische Probleme zu beheben, um ihm einen Zugang anzulegen. Sofern der Kunde bei Paypal einen Konflikt er\u00f6ffnen, ohne<span>\u00a0<\/span><strong>Expanding Light LLC<\/strong><span>\u00a0<\/span>diese angemessen Frist zu geben, wird zus\u00e4tzlich zum Kaufpreis eine Bearbeitungsgeb\u00fchr von 10 \u20ac netto zuz\u00fcglich eventuell anfallender Paypal-Geb\u00fchren f\u00e4llig.<span>\u00a0<\/span><strong>Expanding Light LLC<\/strong><span>\u00a0<\/span>beh\u00e4lt sich vor, den Zugang des Kunden bis zur Bezahlung dieses Betrages zu sperren.<\/p>\n<p><strong>\u00a74 Lieferung<\/strong><\/p>\n<p>(1) Die Download-Angebote stehen dem Kunden nach der Zahlung durch einen Login sofort zur Verf\u00fcgung.<\/p>\n<p>(2) Mit der Bezahlung stimmt der Kunde folgender Regelung zu und verlangt ausdr\u00fccklich, dass die<span>\u00a0<\/span><strong>Expanding Light LLC<\/strong><span>\u00a0<\/span>vor Ablauf der gesetzlich festgelegten Widerrufsfrist mit der Ausf\u00fchrung des Vertrages beginnt. Dem Kunden ist bekannt, dass er dadurch bei Downloadprodukten mit Beginn der Ausf\u00fchrung des Vertrages bei vollst\u00e4ndiger Erf\u00fcllung des Vertrages sein Widerrufsrecht verliert.<\/p>\n<p><strong>\u00a75 Eigentumsvorbehalt<\/strong><\/p>\n<p>Wir behalten uns das Eigentum an der Ware bis zur vollst\u00e4ndigen Bezahlung des Kaufpreises vor.<\/p>\n<p>****************************************************************************************************<\/p>\n<p><strong>\u00a76 Widerrufsrecht des Kunden als Verbraucher<\/strong><\/p>\n<p><strong>Widerrufsrecht f\u00fcr Verbraucher<br \/> <\/strong><br \/> Verbrauchern steht ein Widerrufsrecht nach folgender Ma\u00dfgabe zu, wobei Verbraucher jede nat\u00fcrliche Person ist, die ein Rechtsgesch\u00e4ft zu Zwecken abschlie\u00dft, die \u00fcberwiegend weder ihrer gewerblichen noch ihrer selbst\u00e4ndigen beruflichen T\u00e4tigkeit zugerechnet werden k\u00f6nnen:<\/p>\n<p><strong>Widerrufsbelehrung<\/strong><\/p>\n<p><strong>Widerrufsrecht<\/strong><\/p>\n<p>Sie haben das Recht, binnen vierzehn Tagen ohne Angabe von Gr\u00fcnden diesen Vertrag zu widerrufen.<br \/> Die Widerrufsfrist betr\u00e4gt vierzehn Tage, ab dem Tag des Vertragsabschlusses.<\/p>\n<p>Um Ihr Widerrufsrecht auszu\u00fcben, m\u00fcssen Sie uns<\/p>\n<p>Expanding Light LLC<br \/> Registered Agents Inc.<br \/> 30 N Gould St Ste R<br \/> 82801 WY Sheridan<\/p>\n<p>Vereinigte Staaten von Amerika<br \/> E-Mail info@selbstgeheilt.com<\/p>\n<p>mittels einer eindeutigen Erkl\u00e4rung (z.B. ein mit der Post versandter Brief, oder E-Mail) \u00fcber Ihren Entschluss, diesen Vertrag zu widerrufen, informieren. Sie k\u00f6nnen daf\u00fcr das beigef\u00fcgte Muster-Widerrufsformular verwenden, das jedoch nicht vorgeschrieben ist.<\/p>\n<p>Zur Wahrung der Widerrufsfrist reicht es aus, dass Sie die Mitteilung \u00fcber die Aus\u00fcbung des Widerrufsrechts vor Ablauf der Widerrufsfrist absenden.<\/p>\n<p><strong>Widerrufsfolgen<\/strong><\/p>\n<p>Wenn Sie diesen Vertrag widerrufen, haben wir Ihnen alle Zahlungen, die wir von Ihnen erhalten haben, einschlie\u00dflich der Lieferkosten (mit Ausnahme der zus\u00e4tzlichen Kosten, die sich daraus ergeben, dass Sie eine andere Art der Lieferung als die von uns angebotene, g\u00fcnstigste Standardlieferung gew\u00e4hlt haben), unverz\u00fcglich und sp\u00e4testens binnen vierzehn Tagen ab dem Tag zur\u00fcckzuzahlen, an dem die Mitteilung \u00fcber Ihren Widerruf dieses Vertrags bei uns eingegangen ist. F\u00fcr diese R\u00fcckzahlung verwenden wir dasselbe Zahlungsmittel, das Sie bei der urspr\u00fcnglichen Transaktion eingesetzt haben, es sei denn, mit Ihnen wurde ausdr\u00fccklich etwas anderes vereinbart; in keinem Fall werden Ihnen wegen dieser R\u00fcckzahlung Entgelte berechnet.<\/p>\n<p>Haben Sie verlangt, dass die Dienstleistungen w\u00e4hrend der Widerrufsfrist beginnen soll, so haben Sie uns einen angemessenen Betrag zu zahlen, der dem Anteil der bis zu dem Zeitpunkt, zu dem Sie uns von der Aus\u00fcbung des Widerrufsrechts hinsichtlich dieses Vertrags unterrichten, bereits erbrachten Dienstleistungen im Vergleich zum Gesamtumfang der im Vertrag vorgesehenen Dienstleistungen entspricht.<\/p>\n<p>&nbsp;<\/p>\n<footer id=\"colophon\" class=\"site-footer\" role=\"contentinfo\">\n<div class=\"wrap\">\n<h5 class=\"foot-links\">\u00a9 2020 Stephan\u00a0Petrowitsch<\/h5>\n<\/div>\n<\/footer>\n<p>[\/et_pb_text][\/et_pb_column][et_pb_column type=&#8221;1_5&#8243; _builder_version=&#8221;4.9.0&#8243; _module_preset=&#8221;default&#8221;][\/et_pb_column][\/et_pb_row][\/et_pb_section]<\/p>\n","protected":false},"excerpt":{"rendered":"<p>Allgemeine Gesch\u00e4ftsbedingungenAllgemeine Gesch\u00e4ftsbedingungen der Firma Expanding Light LLC \u00a71 Geltung gegen\u00fcber Unternehmern und Begriffsdefinitionen (1) Die nachfolgenden Allgemeinen Gesch\u00e4ftbedingungen gelten f\u00fcr alle Lieferungen zwischen uns und einem Verbraucher in ihrer zum Zeitpunkt der Bestellung g\u00fcltigen Fassung. Verbraucher ist jede nat\u00fcrliche Person, die ein Rechtsgesch\u00e4ft zu Zwecken abschlie\u00dft, die \u00fcberwiegend weder ihrer gewerblichen noch ihrer selbst\u00e4ndigen [&hellip;]<\/p>\n","protected":false},"author":1,"featured_media":0,"parent":0,"menu_order":0,"comment_status":"closed","ping_status":"closed","template":"","meta":{"_et_pb_use_builder":"on","_et_pb_old_content":"","_et_gb_content_width":"","footnotes":""},"class_list":["post-792","page","type-page","status-publish","hentry"],"yoast_head":"<!-- This site is optimized with the Yoast SEO plugin v23.1 - https:\/\/yoast.com\/wordpress\/plugins\/seo\/ -->\n<title>Allgemeine Gesch\u00e4ftsbedingungen - Selbst Geheilt - der Film \u00fcber schnell erlernbare Selbsthilfemethoden<\/title>\n<meta name=\"robots\" content=\"index, follow, max-snippet:-1, max-image-preview:large, max-video-preview:-1\" \/>\n<link rel=\"canonical\" href=\"https:\/\/selbstgeheilt.com\/index.php\/allgemeine-geschaeftsbedingungen\/\" \/>\n<meta property=\"og:locale\" content=\"en_US\" \/>\n<meta property=\"og:type\" content=\"article\" \/>\n<meta property=\"og:title\" content=\"Allgemeine Gesch\u00e4ftsbedingungen - Selbst Geheilt - der Film \u00fcber schnell erlernbare Selbsthilfemethoden\" \/>\n<meta property=\"og:description\" content=\"Allgemeine Gesch\u00e4ftsbedingungenAllgemeine Gesch\u00e4ftsbedingungen der Firma Expanding Light LLC \u00a71 Geltung gegen\u00fcber Unternehmern und Begriffsdefinitionen (1) Die nachfolgenden Allgemeinen Gesch\u00e4ftbedingungen gelten f\u00fcr alle Lieferungen zwischen uns und einem Verbraucher in ihrer zum Zeitpunkt der Bestellung g\u00fcltigen Fassung. Verbraucher ist jede nat\u00fcrliche Person, die ein Rechtsgesch\u00e4ft zu Zwecken abschlie\u00dft, die \u00fcberwiegend weder ihrer gewerblichen noch ihrer selbst\u00e4ndigen [&hellip;]\" \/>\n<meta property=\"og:url\" content=\"https:\/\/selbstgeheilt.com\/index.php\/allgemeine-geschaeftsbedingungen\/\" \/>\n<meta property=\"og:site_name\" content=\"Selbst Geheilt - der Film \u00fcber schnell erlernbare Selbsthilfemethoden\" \/>\n<meta property=\"article:modified_time\" content=\"2022-04-26T06:02:56+00:00\" \/>\n<meta name=\"twitter:card\" content=\"summary_large_image\" \/>\n<meta name=\"twitter:label1\" content=\"Est. reading time\" \/>\n\t<meta name=\"twitter:data1\" content=\"9 minutes\" \/>\n<script type=\"application\/ld+json\" class=\"yoast-schema-graph\">{\"@context\":\"https:\/\/schema.org\",\"@graph\":[{\"@type\":\"WebPage\",\"@id\":\"https:\/\/selbstgeheilt.com\/index.php\/allgemeine-geschaeftsbedingungen\/\",\"url\":\"https:\/\/selbstgeheilt.com\/index.php\/allgemeine-geschaeftsbedingungen\/\",\"name\":\"Allgemeine Gesch\u00e4ftsbedingungen - Selbst Geheilt - der Film \u00fcber schnell erlernbare Selbsthilfemethoden\",\"isPartOf\":{\"@id\":\"https:\/\/selbstgeheilt.com\/#website\"},\"datePublished\":\"2021-05-03T19:34:58+00:00\",\"dateModified\":\"2022-04-26T06:02:56+00:00\",\"breadcrumb\":{\"@id\":\"https:\/\/selbstgeheilt.com\/index.php\/allgemeine-geschaeftsbedingungen\/#breadcrumb\"},\"inLanguage\":\"en-US\",\"potentialAction\":[{\"@type\":\"ReadAction\",\"target\":[\"https:\/\/selbstgeheilt.com\/index.php\/allgemeine-geschaeftsbedingungen\/\"]}]},{\"@type\":\"BreadcrumbList\",\"@id\":\"https:\/\/selbstgeheilt.com\/index.php\/allgemeine-geschaeftsbedingungen\/#breadcrumb\",\"itemListElement\":[{\"@type\":\"ListItem\",\"position\":1,\"name\":\"Home\",\"item\":\"https:\/\/selbstgeheilt.com\/\"},{\"@type\":\"ListItem\",\"position\":2,\"name\":\"Allgemeine Gesch\u00e4ftsbedingungen\"}]},{\"@type\":\"WebSite\",\"@id\":\"https:\/\/selbstgeheilt.com\/#website\",\"url\":\"https:\/\/selbstgeheilt.com\/\",\"name\":\"Selbst Geheilt - der Film \u00fcber schnell erlernbare Selbsthilfemethoden\",\"description\":\"Selbst Geheilt - der Film\",\"potentialAction\":[{\"@type\":\"SearchAction\",\"target\":{\"@type\":\"EntryPoint\",\"urlTemplate\":\"https:\/\/selbstgeheilt.com\/?s={search_term_string}\"},\"query-input\":\"required name=search_term_string\"}],\"inLanguage\":\"en-US\"}]}<\/script>\n<!-- \/ Yoast SEO plugin. -->","yoast_head_json":{"title":"Allgemeine Gesch\u00e4ftsbedingungen - Selbst Geheilt - der Film \u00fcber schnell erlernbare Selbsthilfemethoden","robots":{"index":"index","follow":"follow","max-snippet":"max-snippet:-1","max-image-preview":"max-image-preview:large","max-video-preview":"max-video-preview:-1"},"canonical":"https:\/\/selbstgeheilt.com\/index.php\/allgemeine-geschaeftsbedingungen\/","og_locale":"en_US","og_type":"article","og_title":"Allgemeine Gesch\u00e4ftsbedingungen - Selbst Geheilt - der Film \u00fcber schnell erlernbare Selbsthilfemethoden","og_description":"Allgemeine Gesch\u00e4ftsbedingungenAllgemeine Gesch\u00e4ftsbedingungen der Firma Expanding Light LLC \u00a71 Geltung gegen\u00fcber Unternehmern und Begriffsdefinitionen (1) Die nachfolgenden Allgemeinen Gesch\u00e4ftbedingungen gelten f\u00fcr alle Lieferungen zwischen uns und einem Verbraucher in ihrer zum Zeitpunkt der Bestellung g\u00fcltigen Fassung. Verbraucher ist jede nat\u00fcrliche Person, die ein Rechtsgesch\u00e4ft zu Zwecken abschlie\u00dft, die \u00fcberwiegend weder ihrer gewerblichen noch ihrer selbst\u00e4ndigen [&hellip;]","og_url":"https:\/\/selbstgeheilt.com\/index.php\/allgemeine-geschaeftsbedingungen\/","og_site_name":"Selbst Geheilt - der Film \u00fcber schnell erlernbare Selbsthilfemethoden","article_modified_time":"2022-04-26T06:02:56+00:00","twitter_card":"summary_large_image","twitter_misc":{"Est. reading time":"9 minutes"},"schema":{"@context":"https:\/\/schema.org","@graph":[{"@type":"WebPage","@id":"https:\/\/selbstgeheilt.com\/index.php\/allgemeine-geschaeftsbedingungen\/","url":"https:\/\/selbstgeheilt.com\/index.php\/allgemeine-geschaeftsbedingungen\/","name":"Allgemeine Gesch\u00e4ftsbedingungen - Selbst Geheilt - der Film \u00fcber schnell erlernbare Selbsthilfemethoden","isPartOf":{"@id":"https:\/\/selbstgeheilt.com\/#website"},"datePublished":"2021-05-03T19:34:58+00:00","dateModified":"2022-04-26T06:02:56+00:00","breadcrumb":{"@id":"https:\/\/selbstgeheilt.com\/index.php\/allgemeine-geschaeftsbedingungen\/#breadcrumb"},"inLanguage":"en-US","potentialAction":[{"@type":"ReadAction","target":["https:\/\/selbstgeheilt.com\/index.php\/allgemeine-geschaeftsbedingungen\/"]}]},{"@type":"BreadcrumbList","@id":"https:\/\/selbstgeheilt.com\/index.php\/allgemeine-geschaeftsbedingungen\/#breadcrumb","itemListElement":[{"@type":"ListItem","position":1,"name":"Home","item":"https:\/\/selbstgeheilt.com\/"},{"@type":"ListItem","position":2,"name":"Allgemeine Gesch\u00e4ftsbedingungen"}]},{"@type":"WebSite","@id":"https:\/\/selbstgeheilt.com\/#website","url":"https:\/\/selbstgeheilt.com\/","name":"Selbst Geheilt - der Film \u00fcber schnell erlernbare Selbsthilfemethoden","description":"Selbst Geheilt - der Film","potentialAction":[{"@type":"SearchAction","target":{"@type":"EntryPoint","urlTemplate":"https:\/\/selbstgeheilt.com\/?s={search_term_string}"},"query-input":"required name=search_term_string"}],"inLanguage":"en-US"}]}},"_links":{"self":[{"href":"https:\/\/selbstgeheilt.com\/index.php\/wp-json\/wp\/v2\/pages\/792","targetHints":{"allow":["GET"]}}],"collection":[{"href":"https:\/\/selbstgeheilt.com\/index.php\/wp-json\/wp\/v2\/pages"}],"about":[{"href":"https:\/\/selbstgeheilt.com\/index.php\/wp-json\/wp\/v2\/types\/page"}],"author":[{"embeddable":true,"href":"https:\/\/selbstgeheilt.com\/index.php\/wp-json\/wp\/v2\/users\/1"}],"replies":[{"embeddable":true,"href":"https:\/\/selbstgeheilt.com\/index.php\/wp-json\/wp\/v2\/comments?post=792"}],"version-history":[{"count":6,"href":"https:\/\/selbstgeheilt.com\/index.php\/wp-json\/wp\/v2\/pages\/792\/revisions"}],"predecessor-version":[{"id":1164,"href":"https:\/\/selbstgeheilt.com\/index.php\/wp-json\/wp\/v2\/pages\/792\/revisions\/1164"}],"wp:attachment":[{"href":"https:\/\/selbstgeheilt.com\/index.php\/wp-json\/wp\/v2\/media?parent=792"}],"curies":[{"name":"wp","href":"https:\/\/api.w.org\/{rel}","templated":true}]}}